 be (-18)/12*(5 - 316/12). What is the highest common factor of k and 352?
32
Let q(n) = -8*n. Let a be q(-6). Suppose 11*r + 0*r = -3388. Let z be (-11)/(r/24)*14. Calculate the highest common divisor of a and z.
12
Suppose -90 = -6*c + c. Let d(j) = j**2 + 10*j + 9. Let q(m) = m**2 + 12*m - 10. Let i be q(-12). Let s be d(i). What is the greatest common divisor of s and c?
9
Suppose -4*r + 1920 = 2*b, 3*r - 1102 = -4*b + 338. What is the greatest common divisor of r and 30?
30
Suppose 4*v = -v. Suppose 0 = b - 1, -60*m = -61*m + 5*b + 35. Suppose -m = -4*u - v*u - w, w + 59 = 5*u. What is the greatest common divisor of 121 and u?
11
Let z be 4/(9 - 7) - -83. What is the greatest common factor of z and 17?
17
Suppose 5*l - 3*h - 18 = 0, 3*h + 2 = 14. What is the greatest common factor of l and 4?
2
Suppose -i + 5*d = -46, 33*d - 37*d = -5*i + 167. What is the highest common factor of i and 837?
31
Suppose 0 = 2*k - 0*k - 56. Let u be (6/5)/(204/16660). What is the greatest common factor of u and k?
14
Suppose 7*j - 4*j = -q + 58, 2*j - 48 = -3*q. Suppose j*s - 72 = 14*s. Calculate the highest common factor of s and 9.
9
Let i = 367 + -351. Let g(l) = 8*l + 2. Let o be g(-7). Let y be 2/5 + o/(-15). What is the greatest common factor of i and y?
4
Suppose 706 = 33*i - 3386. Calculate the greatest common divisor of 434 and i.
62
Let w = 193 + -169. Calculate the greatest common factor of w and 120.
24
Let l be (33/(-6))/11*-56. What is the highest common divisor of l and 20?
4
Let b(a) = -13*a + 159. Let r be b(9). Let h = -5 + 5. Let z = h - -6. Calculate the highest common divisor of r and z.
6
Let p be (-16)/(-10)*(-60)/(-24). Suppose -45 = p*r - 5*r. What is the highest common divisor of 5 and r?
5
Let v = 51 - 28. Suppose 3*j - 5*m = v, 3*j - 3*m - 23 = -2. What is the highest common factor of j and 24?
6
Suppose 153 - 945 = -5*m - i, -2*m - 2*i = -320. Let g = 228 - m. What is the greatest common factor of g and 14?
14
Let t(g) = g**2 - 40*g + 17. Let d be t(45). What is the greatest common factor of d and 176?
22
Let a = 19 + -15. Let u be a/2 - 348/(-2). What is the greatest common divisor of 16 and u?
16
Let j(f) = -13*f + 47. Let d be j(3). What is the greatest common factor of d and 4?
4
Let a(k) = -k**3 + 7*k**2 + 2*k - 13. Let m be a(7). Let s be (3 + -5)/(m/(-22)). Calculate the highest common factor of s and 22.
22
Suppose -100 = -a + 12. Let u = 164 - a. Calculate the highest common divisor of 130 and u.
26
Suppose -3*m + 24*m - 29127 = 0. Calculate the greatest common factor of m and 19.
19
Let g(k) = -13*k - 163. Let f be g(-16). Calculate the highest common divisor of 60 and f.
15
Suppose -u + 0 = 4. Let w = -3 - u. Suppose -36 + 1 = -5*a. Calculate the greatest common divisor of a and w.
1
Let f = 103 - 15. Let r be f/6 + (-8)/12. What is the highest common factor of 126 and r?
14
Let o(t) = -2*t + 16. Let i be o(-9). Suppose 0 = -7*s + i + 92. Calculate the highest common factor of s and 12.
6
Let q(g) = g**3 - 4*g**2 + g + 6. Let h(b) = -b**3 - 12*b**2 + 14*b + 17. Let p be h(-13). Let n be q(p). Calculate the highest common factor of 50 and n.
10
Let n(h) = -h**2 - 3*h + 3. Let u be n(1). Let x(m) = -21*m - 4. Let o be x(u). What is the highest common divisor of 153 and o?
17
Let t = 179 - 71. Calculate the highest common factor of t and 84.
12
Let o(t) = t**3 + t**2 + t + 2. Let q be o(0). Suppose q*n - 3*m = 159, 2*n - n - 67 = -m. What is the highest common factor of n and 9?
9
Suppose 0 = 3*c - 2*c - 4, -5*t + 2*c - 288 = 0. Let d = t + 57. What is the greatest common divisor of d and 5?
1
Suppose d + 0*s = -s + 39, -4*d = s - 153. What is the highest common factor of d and 133?
19
Let d(i) = -2*i + 16. Let l be d(16). Let f be 214/14 + l/56. Calculate the greatest common divisor of f and 90.
15
Suppose -3*z = -1 - 11, 0 = -3*x + 5*z - 8. Suppose 18 = r + 5*c, -32 = -r - 4*r + x*c. Calculate the highest common factor of 40 and r.
8
Suppose -2*z = 4*h - 58, 0 = z + 2*h + 3*h - 26. Calculate the greatest common divisor of z and 93.
31
Let a(g) = -2*g**2 - 34*g + 18. Let m be a(-17). What is the highest common factor of 9 and m?
9
Suppose -8*n + 43*n = 1680. Calculate the greatest common divisor of n and 352.
16
Let w = 19 - 17. Let x be (w - -26) + (2 - -2). What is the highest common divisor of x and 160?
32
Let m = 2891 + -1494. Calculate the highest common divisor of 11 and m.
11
Let m be -2 + (-157)/(-5) + (-36)/90. What is the highest common factor of 812 and m?
29
Let l be 2/6 - 8/(-3). Suppose -2*t + l*t = 1. What is the highest common divisor of t and 1?
1
Let g be (26 + -27)*(1 + -1). Suppose 2*x + 2*x - 72 = g. Let c = -28 - -30. Calculate the highest common divisor of x and c.
2
Let q = 86 - 86. Suppose m - 6*m + 85 = q. Calculate the greatest common divisor of 187 and m.
17
Let z(b) = b**2 + 8*b - 11. Let s be z(5). Calculate the greatest common divisor of 162 and s.
54
Let f(a) = 7*a**3 + 2*a**2 - 3*a + 1. Let c be f(1). Suppose 151 = -5*g - 5*j + 381, 88 = 2*g + j. Calculate the greatest common factor of g and c.
7
Let j = -2247 + 2319. Calculate the highest common factor of 792 and j.
72
Suppose -4*i = -5*y - 0*y - 1009, 5*i - 4*y - 1268 = 0. Calculate the highest common factor of i and 176.
16
Suppose 3*b + 5*i - 106 = 0, 222 = -b + 6*b - 3*i. Let v be (-40)/(-14) - (-6)/b. Suppose -2*o + v = o. What is the greatest common factor of 11 and o?
1
Let x(a) = a**3 - 12*a**2 - 3*a + 17. Let k be x(12). Let h = 26 + k. Suppose 52 = h*m - 6*m. Calculate the highest common divisor of m and 13.
13
Let f(b) = 6*b**2 + 85*b - 5. Let q(j) = j**2 + 17*j - 1. Let z(a) = -2*f(a) + 11*q(a). Let k be z(16). Calculate the highest common divisor of 120 and k.
15
Let a(u) = -u**2 - 15*u - 14. Suppose 0 = s - 4*z + 1, -17 + 84 = -4*s - 5*z. Let c be a(s). What is the highest common divisor of c and 108?
12
Let d(y) = 2*y**2 - 3*y + 2. Let h(f) = 2*f**2 - 5*f - 3*f**2 + 6*f. Let o(w) = -d(w) - 3*h(w). Let t be o(-2). Calculate the highest common factor of t and 3.
1
Let f(i) = i**2 - 3*i + 32. Let j be f(5). Let q be (13 - 11)/((-3)/j*-4). Calculate the greatest common factor of q and 14.
7
Let i(a) = 41*a - 2. Let n be i(3). Suppose 3*w = k + 38, 5*w + 2*k + k - 40 = 0. Calculate the highest common factor of n and w.
11
Suppose 3*c + 3*m = -3, -5*c - 7*m + 4*m = -3. Suppose -c*h + 58 = 5*p - 117, -3*h - 81 = -3*p. Calculate the highest common factor of 112 and p.
16
Let m = 507 + -486. Calculate the highest common factor of m and 6.
3
Let a(q) = q**3 - 12*q**2 + 9*q + 27. Let f be a(11). Calculate the highest common factor of f and 40.
5
Let v be (1 - -1)/(2/7). Let t(f) = -f**3 + 8*f**2 - 6*f - 4. Let h be t(v). Suppose -70 = h*s - 340. What is the highest common factor of s and 36?
18
Let g(u) = u**2 + 23*u - 45. Let m be g(-25). Suppose -2*i = -3*x + 2*x - 86, m*i - 224 = -2*x. Calculate the greatest common divisor of i and 220.
44
Suppose 0 = 2*z + 5*o + 13 - 50, 0 = -2*z + o + 7. Calculate the highest common divisor of z and 48.
6
Let i = 355 - 232. What is the highest common factor of 82 and i?
41
Suppose -7*k = 128 - 408. Calculate the highest common divisor of k and 160.
40
Let k = -840 + 972. What is the highest common factor of k and 726?
66
Let z = -5 + 8. Let v be 0/(-1) + (1 - 6/(-3)). Calculate the highest common divisor of z and v.
3
Let g = -777 + 785. Let f = -36 - -68. Calculate the highest common divisor of g and f.
8
Let k be (21/9)/((-3)/(-9)). Suppose 8*n - k*n = 5. Suppose 2*i + 32 = 4*s, 0*s - 3*s - n*i = -37. What is the greatest common divisor of 45 and s?
9
Suppose -11*z + 945 = -6*z - 2*c, 0 = -2*z + 2*c + 378. What is the highest common factor of z and 18?
9
Suppose -5*h - 1430 = -q - 2*q, -3*q = h - 1442. Calculate the greatest common factor of 30 and q.
30
Let j(k) = 3*k - 61. Let n be j(22). Suppose 0 = 4*v + 4, n*f - 5*v - 1790 = -0*v. Calculate the greatest common divisor of f and 51.
51
Suppose 0 = 5*s - 2*s - 9. Suppose -h - s*h + 21 = 3*a, -5*h = -5*a. Let k = -10908 + 10941. Calculate the highest common divisor of h and k.
3
Suppose 0 = -i + 16 - 12. Suppose 8*n + 135 = 3*c + i*n, 4*c + 5*n - 149 = 0. Calculate the highest common factor of c and 41.
41
Let h = 51 + -23. Let z be 38/